 Let l be v(-7). Let x(s) be the first derivative of 11*s**4/4 - 2*s**3/3 + s + 1. What is the tens digit of x(l)?
1
Let k(r) = -4*r - 23. Let h be k(-9). Let o(p) = p**2 - 7*p - 1. What is the units digit of o(h)?
7
Suppose -f - 561 = -q, 2*f + 0*f - 6 = 0. What is the units digit of q?
4
Let h = -14 - -10. What is the tens digit of 71 - (4 - (-20)/h)?
7
Let w = -1 + 254. Suppose 6*m - 341 = w. Suppose -6*a = -351 + m. What is the tens digit of a?
4
What is the units digit of 200*6/6 - 1?
9
Let x = 23 - 19. Suppose -x*q + 71 = -45. Let f = q - -1. What is the units digit of f?
0
Let l = 119 + 41. What is the units digit of l?
0
Let y(q) = -4*q + 6. Let d(h) = -3*h + 6. Let u = 25 + -30. Let p(v) = u*d(v) + 4*y(v). What is the units digit of p(-8)?
2
Suppose -8*b - 6 = -2*b. What is the tens digit of ((-44)/(-4))/(b/(-7))?
7
Suppose 168*h - 173*h = -2715. What is the hundreds digit of h?
5
Suppose 0 = -u + 8 + 4. Let a(x) = -x**3 + 10*x**2 + 13*x - 5. Let t be a(11). Let n = t - u. What is the units digit of n?
5
Suppose 0 = -2*f + 25*f - 2461. What is the units digit of f?
7
Suppose -12 = 3*s, -r - 4*s + 1369 = -137. What is the hundreds digit of r?
5
Let u(k) = 3*k**3 + 7*k**2 - 39*k - 38. What is the units digit of u(6)?
8
Suppose f = 5*z - 21, 3*f - 29 = 2*f - 5*z. What is the tens digit of (f/6 + 28/(-24))*-84?
4
Suppose 240 = 59*k - 35*k. What is the tens digit of k?
1
Suppose d = -15*d + 8560. What is the units digit of d?
5
Suppose h - 1591 = -2*l, 18*h - 19*h - 2379 = -3*l. What is the tens digit of l?
9
Let m be 9/(-9)*(18 + 1). Suppose -y + 44 = -2*y. Let q = m - y. What is the units digit of q?
5
Let x = -92 - -161. Suppose -f + 71 + x = 0. What is the hundreds digit of f?
1
Let k = -45 + 31. Let a = -16 - k. What is the units digit of (-15)/a - (-10)/20?
8
Suppose -147*b + 148*b - 592 = 0. What is the units digit of b?
2
Suppose 88*v = 97*v - 162. Suppose 5*b + 4*u = -4 - 75, 4*b = u - 59. Let m = v - b. What is the tens digit of m?
3
What is the tens digit of 2 + -2 - (10 + -11720)/10?
7
Suppose 0 = 6*o + 2 - 266. Let x(z) = z**2 - 11*z - 14. Let u be x(11). Let g = u + o. What is the tens digit of g?
3
Let r(i) = 34*i**3 - 9*i**2 + 43*i - 195. What is the thousands digit of r(5)?
4
Let y = -10 + 12. Let a be 2 - 2*y/(-2). Suppose b - 95 = -a*b. What is the units digit of b?
9
Suppose 7*b - 988 = 3*b. Let f = b + -165. What is the units digit of f?
2
Suppose -m + 3*u = -u - 5, 0 = -5*m + 2*u + 25. Suppose -s + m*d = 33, 5*s + 2*d + 50 = 4*d. Let v(i) = i**2 + i - 4. What is the tens digit of v(s)?
5
Let r = -705 + 1080. What is the hundreds digit of r?
3
Suppose -3*k - 9 = -4*g + 3*g, -13 = -g + 4*k. Let l be -3*(-1 - g)/(-2). Suppose 7*d - l*d - 40 = 0. What is the tens digit of d?
1
Suppose -z + 658 = 4*c, -868 - 442 = -2*z - 2*c. What is the tens digit of (7/(21/z))/2?
0
Suppose 0 = -3*u - u. Suppose -9 = -u*h - 3*h. Suppose 5 = d - y - 3, -4*d - h*y + 18 = 0. What is the units digit of d?
6
Suppose 4*q = 6*q + 18. Let g(t) = -5*t - 15. What is the units digit of g(q)?
0
Let d(z) = z**2 - 41. What is the hundreds digit of d(21)?
4
Let u(z) = -28*z - 18. Let n be u(-3). Let x = -52 + n. What is the tens digit of x?
1
Let v(g) = -g**2 - 55*g + 44. What is the tens digit of v(-30)?
9
Let z(x) = -x**3 - 7*x**2 - 5*x - 4. Let v be z(-6). What is the tens digit of 6/10 + (-464)/v?
4
Suppose -99 = -17*u + 16*u. Suppose 402 + u = 3*q. What is the tens digit of q?
6
Suppose -54*k + 68*k = 59990. What is the tens digit of k?
8
What is the hundreds digit of (8 - -103)/(2 - 82/42)?
3
Let g(v) = v**3 + 11*v**2 + 12*v + 15. Let u be g(-10). Let c = u + 33. Suppose 4*l - 2*h = 2*h + 84, -3*l - 4*h = -c. What is the units digit of l?
6
Let g(y) = y**2 - 15*y + 3. Let x be g(-20). Suppose 14*o - 627 = x. What is the tens digit of o?
9
Let b = -7 + 10. Let s(m) = m**2 + 11*m**b - 9*m**3 + 22 - m**3. What is the units digit of s(0)?
2
What is the units digit of 164148/42 - -4 - (-4)/(-14)?
2
Suppose 0 = -5*c - 3*b + 7*b + 672, -4*c - 4*b = -552. What is the hundreds digit of c?
1
Let u be 732/30*-10*(-9)/6. Suppose -l - 3*r = 3*l - u, 83 = l + 5*r. What is the tens digit of l?
9
Let p(o) = 4*o**2 - 24*o + 4. Let x be p(6). Suppose 5*f - 9*s - 455 = -x*s, -4*f + 361 = -5*s. What is the units digit of f?
4
Let o = -59 - -104. Let f(m) = m**2 + m - 69. Let j be f(8). Suppose -j*t - 2*t = -o. What is the units digit of t?
9
Let p(f) be the third derivative of 7*f**5/30 + f**4/12 - f**3 + f**2. What is the units digit of p(-3)?
4
Let i = 280 + -196. What is the units digit of (-1 + i)*(-1 - -2)?
3
Suppose 10*d + d - 2409 = 0. What is the units digit of d?
9
Suppose -801*k - 6402 = -812*k. What is the tens digit of k?
8
Let v = 759 - 303. Suppose 3*y - 2*n = 2*y + 145, -3*y - n = -v. What is the units digit of y?
1
Let v be 15/(-10)*((-13)/3 + 1). What is the tens digit of ((-1320)/(-25) + -4)*v/2?
2
What is the hundreds digit of 99/(-55)*6130/(-3)?
6
What is the thousands digit of (-16)/40 + 35264/10?
3
Suppose 2*d = 113 + 9. Let o = 103 - d. What is the units digit of o?
2
Let k(w) = 85*w**2 - 18*w + 31. What is the hundreds digit of k(-7)?
3
Let x(l) = 31*l**2 + 5*l - 38. What is the tens digit of x(4)?
7
Let o(j) = 10*j + 2. Let h be o(8). Let t = h + 30. What is the units digit of t?
2
Suppose -x = -11*f + 12*f - 203, -5*f - 413 = -2*x. What is the units digit of x?
4
Let g be ((-4)/(-3) - 2)/(14/(-21)). Suppose o - 6*d = -d + 13, 0 = o + 2*d + g. What is the units digit of o?
3
Suppose 49 - 61 = -4*l. Suppose -169 = -l*j + 3*r - 43, 2*j - 3*r = 86. What is the units digit of j?
0
Suppose -9*s + 4*s + 10 = 0. Suppose 4*z - s*v - 272 = 0, 3*v + 272 = 4*z + 2*v. What is the tens digit of z?
6
What is the tens digit of (-1)/(-4*1/4136)?
3
Let f(m) = m + 21. Let k be f(-14). Suppose -k*o + 74 = -5*o. What is the tens digit of o?
3
Let c = -2508 + 6791. What is the tens digit of c?
8
Let s be -1 + (3 + -77)/(-1). Suppose 0 = 9*v - 2429 - s. What is the hundreds digit of v?
2
Suppose -7 + 15 = 4*r. Let f(o) = 3 - o**2 + 8*o + 3*o**r - 6*o. What is the units digit of f(3)?
7
Let j = -815 - -1505. What is the tens digit of j?
9
What is the units digit of (6 - 22/(-11))/(2/71)?
4
Suppose -2*w - 213 = 4*t - 1935, -4*w - 1728 = -4*t. What is the units digit of t?
1
Let f(m) = -9*m + 24*m + 6 - 12*m + 14. What is the tens digit of f(9)?
4
Let w = -40 - -45. Suppose 0 = w*z + n - 84, 5*z - 80 = 5*n - 10*n. What is the units digit of z?
7
Suppose 8 = -4*i, -3*j + 5*i = -7*j + 4310. What is the units digit of j?
0
Suppose 3*a - 2*c = 1520, 3*c + 356 + 2177 = 5*a. What is the units digit of a?
6
Let f be (-4*1)/(2/16). Let k be f/(-6) + (-2)/(-3). What is the tens digit of (k/(-4) - -2)*26?
1
Suppose -q + r = 3*q + 25, -5*q - 50 = -5*r. Let l be (-126)/(-35) - 2/q. Suppose 2*j + 3 = 5*u - l*u, -2*u + 4 = -2*j. What is the units digit of u?
1
Let j(g) = 2*g**2 + 3*g + 4. Let w be j(-3). Suppose -w*h + 3 = -140. What is the units digit of h?
1
Let y(q) = q**2 + 14*q + 3. Suppose -3*z = -z + 30. What is the units digit of y(z)?
8
Let p(i) = 6*i**2 - i. Let w be p(1). Suppose -w*k = 66 - 416. What is the units digit of k?
0
Suppose -3*i + 20 = -2*i - 4*d, 3*i + 3*d - 60 = 0. Suppose 2*j + 0*j = 10, -4*j = -2*y + i. What is the units digit of y?
0
Let d(f) = f**2 + 5*f - 6. Let b(i) = 2*i**2 + 8*i + 3. Let k be b(-4). What is the tens digit of d(k)?
1
Let m(n) be the second derivative of -35*n**3/6 + 5*n**2 + 4*n. What is the tens digit of m(-1)?
4
Suppose -5*b = 4*z - 35, 2*z - 3*b - 11 - 12 = 0. Suppose 0 = h - 3*p + 9, 2*h + 0*p = -2*p - z. What is the units digit of ((-44)/5)/(h/15)?
2
Let a = 1543 - 995. What is the units digit of a?
8
Suppose 2*u - t - 37 = 0, 2*t = -2*u - 3*t + 7. What is the units digit of (14 - u/4) + -3?
7
Suppose p + 5*g + 6 = -2, -5*g - 76 = -3*p. Suppose -2*v + 5*d + p = 0, 15 = 2*v - 0*v - 3*d. What is the units digit of v?
6
Let u be (1 - 15)/(-2) + 1. Let o(p) = 23*p**2 - 3 + 4*p + 4 - 2*p + u*p**2. What is the tens digit of o(-1)?
3
What is the units digit of (-3327)/(-12) - (45/(-12) + 3)?
8
Let t(y) = 8*y**2 - 21*y + 21. What is the units digit of t(8)?
5
Suppose 6*z = 2*z + 16. Let x(u) = -z*u**2 - u - 23 - 10*u + 5*u**2. Wha